{"id":256,"date":"2021-03-06T10:18:58","date_gmt":"2021-03-06T10:18:58","guid":{"rendered":"https:\/\/themes.hasthemes.com\/consulte\/?page_id=17"},"modified":"2022-07-19T09:22:16","modified_gmt":"2022-07-19T09:22:16","slug":"about-3","status":"publish","type":"page","link":"https:\/\/honconsulofhungary.mv\/?page_id=256","title":{"rendered":"About"},"content":{"rendered":"\t\t<div data-elementor-type=\"wp-page\" data-elementor-id=\"256\" class=\"elementor elementor-256\">\n\t\t\t\t\t\t<section class=\"elementor-section elementor-top-section elementor-element elementor-element-6a213149 elementor-section-boxed elementor-section-height-default elementor-section-height-default\" data-id=\"6a213149\" data-element_type=\"section\" data-e-type=\"section\">\n\t\t\t\t\t\t<div class=\"elementor-container elementor-column-gap-default\">\n\t\t\t\t\t<div class=\"elementor-column elementor-col-50 elementor-top-column elementor-element elementor-element-15c757e3\" data-id=\"15c757e3\" data-element_type=\"column\" data-e-type=\"column\">\n\t\t\t<div class=\"elementor-widget-wrap elementor-element-populated\">\n\t\t\t\t\t\t<div class=\"elementor-element elementor-element-520fe488 elementor-widget elementor-widget-image\" data-id=\"520fe488\" data-element_type=\"widget\" data-e-type=\"widget\" data-widget_type=\"image.default\">\n\t\t\t\t<div class=\"elementor-widget-container\">\n\t\t\t\t\t\t\t\t\t\t\t\t\t\t\t<img fetchpriority=\"high\" decoding=\"async\" width=\"562\" height=\"1024\" src=\"https:\/\/i0.wp.com\/honconsulofhungary.mv\/wp-content\/uploads\/2022\/07\/BB4A3817-scaled.jpg?fit=562%2C1024&amp;ssl=1\" class=\"attachment-large size-large wp-image-305\" alt=\"\" srcset=\"https:\/\/i0.wp.com\/honconsulofhungary.mv\/wp-content\/uploads\/2022\/07\/BB4A3817-scaled.jpg?w=1406&amp;ssl=1 1406w, https:\/\/i0.wp.com\/honconsulofhungary.mv\/wp-content\/uploads\/2022\/07\/BB4A3817-scaled.jpg?resize=165%2C300&amp;ssl=1 165w, https:\/\/i0.wp.com\/honconsulofhungary.mv\/wp-content\/uploads\/2022\/07\/BB4A3817-scaled.jpg?resize=562%2C1024&amp;ssl=1 562w, https:\/\/i0.wp.com\/honconsulofhungary.mv\/wp-content\/uploads\/2022\/07\/BB4A3817-scaled.jpg?resize=768%2C1399&amp;ssl=1 768w, https:\/\/i0.wp.com\/honconsulofhungary.mv\/wp-content\/uploads\/2022\/07\/BB4A3817-scaled.jpg?resize=843%2C1536&amp;ssl=1 843w, https:\/\/i0.wp.com\/honconsulofhungary.mv\/wp-content\/uploads\/2022\/07\/BB4A3817-scaled.jpg?resize=1124%2C2048&amp;ssl=1 1124w, https:\/\/i0.wp.com\/honconsulofhungary.mv\/wp-content\/uploads\/2022\/07\/BB4A3817-scaled.jpg?w=1280&amp;ssl=1 1280w\" sizes=\"(max-width: 562px) 100vw, 562px\" \/>\t\t\t\t\t\t\t\t\t\t\t\t\t\t\t<\/div>\n\t\t\t\t<\/div>\n\t\t\t\t\t<\/div>\n\t\t<\/div>\n\t\t\t\t<div class=\"elementor-column elementor-col-50 elementor-top-column elementor-element elementor-element-2abc65f7\" data-id=\"2abc65f7\" data-element_type=\"column\" data-e-type=\"column\">\n\t\t\t<div class=\"elementor-widget-wrap elementor-element-populated\">\n\t\t\t\t\t\t<div class=\"elementor-element elementor-element-538e1e88 htmove-heading-start elementor-widget elementor-widget-move-heading\" data-id=\"538e1e88\" data-element_type=\"widget\" data-e-type=\"widget\" data-widget_type=\"move-heading.default\">\n\t\t\t\t<div class=\"elementor-widget-container\">\n\t\t\t\t\t<div class=\"htmove-heading htmove-heading-center htmove-sub-heading-pos-top\"><span  class=\"htmove-heading-sub-title\">ABOUT THE HONORARY CONSUL \u2013 MR MOHAMED ALI JANAH<\/span><\/div>\t\t\t\t<\/div>\n\t\t\t\t<\/div>\n\t\t\t\t<div class=\"elementor-element elementor-element-10e00f20 htmove-heading-start elementor-widget elementor-widget-move-heading\" data-id=\"10e00f20\" data-element_type=\"widget\" data-e-type=\"widget\" data-widget_type=\"move-heading.default\">\n\t\t\t\t<div class=\"elementor-widget-container\">\n\t\t\t\t\t<div class=\"htmove-heading htmove-heading-center htmove-sub-heading-pos-\"><p class=\"htmove-heading-desc\">Mr. Mohamed Ali Janah, son of Late Mr. Ali Hussain and Ms. Fathimath Hameeda, of H. Sea Side, Male\u2019, Maldives is a Maldivian national who has been serving in the construction industry of the Maldives for the past 30 years. He currently lives in Maldives while his three children, Miss Ayesha Nurain Janah, Miss Khadhyja Naushyn Janah and Mr. Ahmed Jasim Janah, live in New Zealand since they moved to pursue their studies, each of them successfully following their parents\u2019 footsteps to become influential youth.\n<br><br>\nAfter a brief tenure in the United States and Philippines, Mr. Janah returned to Maldives in 1987 to take over his parents\u2019 business Alysen Services Pvt Ltd and started his career in the industry. Currently he wears many hats, starting from the Chairman of Hotels and Resort Construction Pvt Ltd, his main business company. He is also the Honorary Advisor to Pristine Maldives and a partner in Ithaafushi Investments, that developed and operates the Waldorf Astoria Maldives Ithaafushi in Kaafu atoll. Mr. Janah was also the Chairman of the Maldives Building and Construction Board, a board member of the Maldives Monetary Authority and the CEO of GA. Kooddoo Domestic Airport from 2012-2022.\n<br><br>\nTo extend his knowledge and experience to help the construction industry he has been one of the key people in the Maldives National Association for Construction Industry \u2013MNACI, and has served as MNACI\u2019s president for over 6 tenures combined. In October 2021, he was re-elected as the president of MNACI. His effort was one of the reasons why Maldives was accepted into the International Federation of Asian and Western Pacific Contractors\u2019 Associations-IFAWPCA and he is currently serving as their President after taking his oath as the President of IFAWPCA in November 2018. Additionally, he is also the President of National Federation of Maldivian Employers-NFME.\n<br><br>\nMr. Janah has been awarded the National Award of Recognition in the area of Architecture, Construction and Consultancy by the Government of Maldives in November 2017. In 2018 December Janah was awarded \"Entrepreneur of the Year 2018\" by Maldives Business Awards.\nMr. Janah was appointed by the Government of Hungary, as the Honorary Consul of Hungary in the Maldives. The acceptance of the appointment, by the Government of Maldives, was announced by the Minister of Foreign Affairs, Honorable Dr Abdulla Shahid, on 5 July 2021. Further to the acceptance of Mr. Janah\u2019s appointment by the Government of Maldives, as the Honorary Consul of Hungary in the Maldives, The Honorable Ambassador of Hungary in New Delhi, Mr Andr\u00e1s L\u00e1szl\u00f3 Kir\u00e1ly, appointed Mr. Janah as the Honorary Consul of Hungary in the Maldives at the Embassy of Hungary in New Delhi on 23 July 2021.\n<br><br>\n<i>\n\u201cGrateful and privileged to be appointed as the Honorary Consul of Hungary in the Maldives.I am thankful to the Government of Hungary for the confidence placed in me and to the Government of Maldives for accepting their proposal to appoint me. I assure my fullest support and contribution to my utmost capacity, to further nourish the bilateral relations between these two beautiful countries and work on strengthening our trade, tourism and investment.Thank you!\u201d <\/i>\n<\/p><\/div>\t\t\t\t<\/div>\n\t\t\t\t<\/div>\n\t\t\t\t<div class=\"elementor-element elementor-element-630cad7a elementor-widget elementor-widget-move-animated-heading\" data-id=\"630cad7a\" data-element_type=\"widget\" data-e-type=\"widget\" data-widget_type=\"move-animated-heading.default\">\n\t\t\t\t<div class=\"elementor-widget-container\">\n\t\t\t\t\t            <div class=\"htmove-animated-heading htmove-style-1\" >\n                <h2 class=\"title cd-headline clip\" >\n                                            <span class=\"cd-words-wrapper\">\n                            <b class=\"is-visible\" >Mohamed Ali Janah<\/b>                        <\/span>\n                                    <\/h2>\n            <\/div>\n        \t\t\t\t<\/div>\n\t\t\t\t<\/div>\n\t\t\t\t<div class=\"elementor-element elementor-element-1c1f12c4 htmove-heading-start elementor-widget elementor-widget-move-heading\" data-id=\"1c1f12c4\" data-element_type=\"widget\" data-e-type=\"widget\" data-widget_type=\"move-heading.default\">\n\t\t\t\t<div class=\"elementor-widget-container\">\n\t\t\t\t\t<div class=\"htmove-heading htmove-heading-center htmove-sub-heading-pos-\"><\/div>\t\t\t\t<\/div>\n\t\t\t\t<\/div>\n\t\t\t\t\t<\/div>\n\t\t<\/div>\n\t\t\t\t\t<\/div>\n\t\t<\/section>\n\t\t\t\t<\/div>\n\t\t","protected":false},"excerpt":{"rendered":"<p>ABOUT THE HONORARY CONSUL \u2013 MR MOHAMED ALI JANAH Mr. Mohamed Ali Janah, son of Late Mr. Ali Hussain and Ms. Fathimath Hameeda, of H. Sea Side, Male\u2019, Maldives is a Maldivian national who has been serving in the construction industry of the Maldives for the past 30 years. He currently lives in Maldives while [&hellip;]<\/p>\n","protected":false},"author":1,"featured_media":0,"parent":0,"menu_order":0,"comment_status":"closed","ping_status":"closed","template":"elementor_header_footer","meta":{"nf_dc_page":"","footnotes":""},"class_list":["post-256","page","type-page","status-publish","hentry"],"yoast_head":"<!-- This site is optimized with the Yoast SEO plugin v27.3 - https:\/\/yoast.com\/product\/yoast-seo-wordpress\/ -->\n<title>About - Hon Consul Of Hungary<\/title>\n<meta name=\"robots\" content=\"index, follow, max-snippet:-1, max-image-preview:large, max-video-preview:-1\" \/>\n<link rel=\"canonical\" href=\"https:\/\/honconsulofhungary.mv\/?page_id=256\" \/>\n<meta property=\"og:locale\" content=\"en_US\" \/>\n<meta property=\"og:type\" content=\"article\" \/>\n<meta property=\"og:title\" content=\"About - Hon Consul Of Hungary\" \/>\n<meta property=\"og:description\" content=\"ABOUT THE HONORARY CONSUL \u2013 MR MOHAMED ALI JANAH Mr. Mohamed Ali Janah, son of Late Mr. Ali Hussain and Ms. Fathimath Hameeda, of H. Sea Side, Male\u2019, Maldives is a Maldivian national who has been serving in the construction industry of the Maldives for the past 30 years. He currently lives in Maldives while [&hellip;]\" \/>\n<meta property=\"og:url\" content=\"https:\/\/honconsulofhungary.mv\/?page_id=256\" \/>\n<meta property=\"og:site_name\" content=\"Hon Consul Of Hungary\" \/>\n<meta property=\"article:modified_time\" content=\"2022-07-19T09:22:16+00:00\" \/>\n<meta property=\"og:image\" content=\"https:\/\/honconsulofhungary.mv\/beta\/wp-content\/uploads\/2022\/07\/BB4A3817-562x1024.jpg\" \/>\n<meta name=\"twitter:card\" content=\"summary_large_image\" \/>\n<meta name=\"twitter:label1\" content=\"Est. reading time\" \/>\n\t<meta name=\"twitter:data1\" content=\"3 minutes\" \/>\n<script type=\"application\/ld+json\" class=\"yoast-schema-graph\">{\"@context\":\"https:\\\/\\\/schema.org\",\"@graph\":[{\"@type\":\"WebPage\",\"@id\":\"https:\\\/\\\/honconsulofhungary.mv\\\/?page_id=256\",\"url\":\"https:\\\/\\\/honconsulofhungary.mv\\\/?page_id=256\",\"name\":\"About - Hon Consul Of Hungary\",\"isPartOf\":{\"@id\":\"https:\\\/\\\/honconsulofhungary.mv\\\/#website\"},\"primaryImageOfPage\":{\"@id\":\"https:\\\/\\\/honconsulofhungary.mv\\\/?page_id=256#primaryimage\"},\"image\":{\"@id\":\"https:\\\/\\\/honconsulofhungary.mv\\\/?page_id=256#primaryimage\"},\"thumbnailUrl\":\"https:\\\/\\\/honconsulofhungary.mv\\\/beta\\\/wp-content\\\/uploads\\\/2022\\\/07\\\/BB4A3817-562x1024.jpg\",\"datePublished\":\"2021-03-06T10:18:58+00:00\",\"dateModified\":\"2022-07-19T09:22:16+00:00\",\"breadcrumb\":{\"@id\":\"https:\\\/\\\/honconsulofhungary.mv\\\/?page_id=256#breadcrumb\"},\"inLanguage\":\"en-US\",\"potentialAction\":[{\"@type\":\"ReadAction\",\"target\":[\"https:\\\/\\\/honconsulofhungary.mv\\\/?page_id=256\"]}]},{\"@type\":\"ImageObject\",\"inLanguage\":\"en-US\",\"@id\":\"https:\\\/\\\/honconsulofhungary.mv\\\/?page_id=256#primaryimage\",\"url\":\"https:\\\/\\\/honconsulofhungary.mv\\\/beta\\\/wp-content\\\/uploads\\\/2022\\\/07\\\/BB4A3817-562x1024.jpg\",\"contentUrl\":\"https:\\\/\\\/honconsulofhungary.mv\\\/beta\\\/wp-content\\\/uploads\\\/2022\\\/07\\\/BB4A3817-562x1024.jpg\"},{\"@type\":\"BreadcrumbList\",\"@id\":\"https:\\\/\\\/honconsulofhungary.mv\\\/?page_id=256#breadcrumb\",\"itemListElement\":[{\"@type\":\"ListItem\",\"position\":1,\"name\":\"Home\",\"item\":\"https:\\\/\\\/honconsulofhungary.mv\\\/\"},{\"@type\":\"ListItem\",\"position\":2,\"name\":\"About\"}]},{\"@type\":\"WebSite\",\"@id\":\"https:\\\/\\\/honconsulofhungary.mv\\\/#website\",\"url\":\"https:\\\/\\\/honconsulofhungary.mv\\\/\",\"name\":\"Hon Consul Of Hungary\",\"description\":\"\",\"publisher\":{\"@id\":\"https:\\\/\\\/honconsulofhungary.mv\\\/#organization\"},\"potentialAction\":[{\"@type\":\"SearchAction\",\"target\":{\"@type\":\"EntryPoint\",\"urlTemplate\":\"https:\\\/\\\/honconsulofhungary.mv\\\/?s={search_term_string}\"},\"query-input\":{\"@type\":\"PropertyValueSpecification\",\"valueRequired\":true,\"valueName\":\"search_term_string\"}}],\"inLanguage\":\"en-US\"},{\"@type\":\"Organization\",\"@id\":\"https:\\\/\\\/honconsulofhungary.mv\\\/#organization\",\"name\":\"Hon Consul Of Hungary\",\"url\":\"https:\\\/\\\/honconsulofhungary.mv\\\/\",\"logo\":{\"@type\":\"ImageObject\",\"inLanguage\":\"en-US\",\"@id\":\"https:\\\/\\\/honconsulofhungary.mv\\\/#\\\/schema\\\/logo\\\/image\\\/\",\"url\":\"https:\\\/\\\/i0.wp.com\\\/honconsulofhungary.mv\\\/wp-content\\\/uploads\\\/2022\\\/07\\\/consul.png?fit=2160%2C4604&ssl=1\",\"contentUrl\":\"https:\\\/\\\/i0.wp.com\\\/honconsulofhungary.mv\\\/wp-content\\\/uploads\\\/2022\\\/07\\\/consul.png?fit=2160%2C4604&ssl=1\",\"width\":2160,\"height\":4604,\"caption\":\"Hon Consul Of Hungary\"},\"image\":{\"@id\":\"https:\\\/\\\/honconsulofhungary.mv\\\/#\\\/schema\\\/logo\\\/image\\\/\"}}]}<\/script>\n<!-- \/ Yoast SEO plugin. -->","yoast_head_json":{"title":"About - Hon Consul Of Hungary","robots":{"index":"index","follow":"follow","max-snippet":"max-snippet:-1","max-image-preview":"max-image-preview:large","max-video-preview":"max-video-preview:-1"},"canonical":"https:\/\/honconsulofhungary.mv\/?page_id=256","og_locale":"en_US","og_type":"article","og_title":"About - Hon Consul Of Hungary","og_description":"ABOUT THE HONORARY CONSUL \u2013 MR MOHAMED ALI JANAH Mr. Mohamed Ali Janah, son of Late Mr. Ali Hussain and Ms. Fathimath Hameeda, of H. Sea Side, Male\u2019, Maldives is a Maldivian national who has been serving in the construction industry of the Maldives for the past 30 years. He currently lives in Maldives while [&hellip;]","og_url":"https:\/\/honconsulofhungary.mv\/?page_id=256","og_site_name":"Hon Consul Of Hungary","article_modified_time":"2022-07-19T09:22:16+00:00","og_image":[{"url":"https:\/\/honconsulofhungary.mv\/beta\/wp-content\/uploads\/2022\/07\/BB4A3817-562x1024.jpg","type":"","width":"","height":""}],"twitter_card":"summary_large_image","twitter_misc":{"Est. reading time":"3 minutes"},"schema":{"@context":"https:\/\/schema.org","@graph":[{"@type":"WebPage","@id":"https:\/\/honconsulofhungary.mv\/?page_id=256","url":"https:\/\/honconsulofhungary.mv\/?page_id=256","name":"About - Hon Consul Of Hungary","isPartOf":{"@id":"https:\/\/honconsulofhungary.mv\/#website"},"primaryImageOfPage":{"@id":"https:\/\/honconsulofhungary.mv\/?page_id=256#primaryimage"},"image":{"@id":"https:\/\/honconsulofhungary.mv\/?page_id=256#primaryimage"},"thumbnailUrl":"https:\/\/honconsulofhungary.mv\/beta\/wp-content\/uploads\/2022\/07\/BB4A3817-562x1024.jpg","datePublished":"2021-03-06T10:18:58+00:00","dateModified":"2022-07-19T09:22:16+00:00","breadcrumb":{"@id":"https:\/\/honconsulofhungary.mv\/?page_id=256#breadcrumb"},"inLanguage":"en-US","potentialAction":[{"@type":"ReadAction","target":["https:\/\/honconsulofhungary.mv\/?page_id=256"]}]},{"@type":"ImageObject","inLanguage":"en-US","@id":"https:\/\/honconsulofhungary.mv\/?page_id=256#primaryimage","url":"https:\/\/honconsulofhungary.mv\/beta\/wp-content\/uploads\/2022\/07\/BB4A3817-562x1024.jpg","contentUrl":"https:\/\/honconsulofhungary.mv\/beta\/wp-content\/uploads\/2022\/07\/BB4A3817-562x1024.jpg"},{"@type":"BreadcrumbList","@id":"https:\/\/honconsulofhungary.mv\/?page_id=256#breadcrumb","itemListElement":[{"@type":"ListItem","position":1,"name":"Home","item":"https:\/\/honconsulofhungary.mv\/"},{"@type":"ListItem","position":2,"name":"About"}]},{"@type":"WebSite","@id":"https:\/\/honconsulofhungary.mv\/#website","url":"https:\/\/honconsulofhungary.mv\/","name":"Hon Consul Of Hungary","description":"","publisher":{"@id":"https:\/\/honconsulofhungary.mv\/#organization"},"potentialAction":[{"@type":"SearchAction","target":{"@type":"EntryPoint","urlTemplate":"https:\/\/honconsulofhungary.mv\/?s={search_term_string}"},"query-input":{"@type":"PropertyValueSpecification","valueRequired":true,"valueName":"search_term_string"}}],"inLanguage":"en-US"},{"@type":"Organization","@id":"https:\/\/honconsulofhungary.mv\/#organization","name":"Hon Consul Of Hungary","url":"https:\/\/honconsulofhungary.mv\/","logo":{"@type":"ImageObject","inLanguage":"en-US","@id":"https:\/\/honconsulofhungary.mv\/#\/schema\/logo\/image\/","url":"https:\/\/i0.wp.com\/honconsulofhungary.mv\/wp-content\/uploads\/2022\/07\/consul.png?fit=2160%2C4604&ssl=1","contentUrl":"https:\/\/i0.wp.com\/honconsulofhungary.mv\/wp-content\/uploads\/2022\/07\/consul.png?fit=2160%2C4604&ssl=1","width":2160,"height":4604,"caption":"Hon Consul Of Hungary"},"image":{"@id":"https:\/\/honconsulofhungary.mv\/#\/schema\/logo\/image\/"}}]}},"jetpack_sharing_enabled":true,"_links":{"self":[{"href":"https:\/\/honconsulofhungary.mv\/index.php?rest_route=\/wp\/v2\/pages\/256","targetHints":{"allow":["GET"]}}],"collection":[{"href":"https:\/\/honconsulofhungary.mv\/index.php?rest_route=\/wp\/v2\/pages"}],"about":[{"href":"https:\/\/honconsulofhungary.mv\/index.php?rest_route=\/wp\/v2\/types\/page"}],"author":[{"embeddable":true,"href":"https:\/\/honconsulofhungary.mv\/index.php?rest_route=\/wp\/v2\/users\/1"}],"replies":[{"embeddable":true,"href":"https:\/\/honconsulofhungary.mv\/index.php?rest_route=%2Fwp%2Fv2%2Fcomments&post=256"}],"version-history":[{"count":6,"href":"https:\/\/honconsulofhungary.mv\/index.php?rest_route=\/wp\/v2\/pages\/256\/revisions"}],"predecessor-version":[{"id":395,"href":"https:\/\/honconsulofhungary.mv\/index.php?rest_route=\/wp\/v2\/pages\/256\/revisions\/395"}],"wp:attachment":[{"href":"https:\/\/honconsulofhungary.mv\/index.php?rest_route=%2Fwp%2Fv2%2Fmedia&parent=256"}],"curies":[{"name":"wp","href":"https:\/\/api.w.org\/{rel}","templated":true}]}}